{"id":62,"date":"2024-08-31T16:40:50","date_gmt":"2024-08-31T14:40:50","guid":{"rendered":"https:\/\/enseigne-signaletique-frejus.fr\/?page_id=62"},"modified":"2024-09-28T22:36:19","modified_gmt":"2024-09-28T20:36:19","slug":"impression-grand-format-puget-sur-argens-imprimeur","status":"publish","type":"page","link":"https:\/\/enseigne-signaletique-frejus.fr\/?page_id=62","title":{"rendered":"Impression grand format"},"content":{"rendered":"\n[et_pb_section fb_built=&#8221;1&#8243; specialty=&#8221;on&#8221; custom_padding_last_edited=&#8221;on|desktop&#8221; padding_top_1=&#8221;0px&#8221; padding_2_tablet=&#8221;|||10vw&#8221; padding_2_phone=&#8221;&#8221; padding_2_last_edited=&#8221;on|tablet&#8221; admin_label=&#8221;Header&#8221; _builder_version=&#8221;4.16&#8243; background_color=&#8221;#eaeaf1&#8243; inner_width=&#8221;100%&#8221; inner_max_width=&#8221;100%&#8221; custom_padding=&#8221;0px|10vw|1px|||&#8221; custom_padding_tablet=&#8221;|||&#8221; custom_padding_phone=&#8221;&#8221; locked=&#8221;off&#8221; global_colors_info=&#8221;{}&#8221; theme_builder_area=&#8221;post_content&#8221;][et_pb_column type=&#8221;1_2&#8243; _builder_version=&#8221;4.16&#8243; custom_padding=&#8221;|||&#8221; global_colors_info=&#8221;{}&#8221; custom_padding__hover=&#8221;|||&#8221; theme_builder_area=&#8221;post_content&#8221;][et_pb_image src=&#8221;https:\/\/enseigne-signaletique-frejus.fr\/wp-content\/uploads\/2024\/08\/mechanic-73.png&#8221; title_text=&#8221;decoupe-de-lettres-2109321&#8243; align_tablet=&#8221;center&#8221; align_phone=&#8221;center&#8221; align_last_edited=&#8221;on|desktop&#8221; _builder_version=&#8221;4.27.0&#8243; background_image=&#8221;https:\/\/enseigne-signaletique-frejus.fr\/wp-content\/uploads\/2024\/08\/decoupe-de-lettres-2109321.jpg&#8221; parallax=&#8221;on&#8221; custom_margin=&#8221;|-50vw||&#8221; custom_margin_tablet=&#8221;|0vw||&#8221; custom_margin_phone=&#8221;&#8221; custom_margin_last_edited=&#8221;on|desktop&#8221; locked=&#8221;off&#8221; global_colors_info=&#8221;{}&#8221; theme_builder_area=&#8221;post_content&#8221;][\/et_pb_image][\/et_pb_column][et_pb_column type=&#8221;1_2&#8243; specialty_columns=&#8221;2&#8243; _builder_version=&#8221;4.16&#8243; custom_padding=&#8221;|||&#8221; global_colors_info=&#8221;{}&#8221; custom_padding__hover=&#8221;|||&#8221; theme_builder_area=&#8221;post_content&#8221;][et_pb_row_inner custom_padding_last_edited=&#8221;on|phone&#8221; _builder_version=&#8221;4.16&#8243; background_color=&#8221;#0251b8&#8243; max_width=&#8221;600px&#8221; custom_margin=&#8221;10vw|||&#8221; custom_margin_tablet=&#8221;-40vw||&#8221; custom_margin_phone=&#8221;&#8221; custom_margin_last_edited=&#8221;on|tablet&#8221; custom_padding=&#8221;80px|60px|80px|60px|true|false&#8221; custom_padding_tablet=&#8221;60px|50px|60px|50px|true|true&#8221; custom_padding_phone=&#8221;50px|||40px&#8221; box_shadow_style=&#8221;preset2&#8243; box_shadow_vertical=&#8221;28px&#8221; box_shadow_blur=&#8221;40px&#8221; box_shadow_color=&#8221;rgba(0,0,0,0.1)&#8221; global_colors_info=&#8221;{}&#8221; theme_builder_area=&#8221;post_content&#8221;][et_pb_column_inner saved_specialty_column_type=&#8221;1_2&#8243; _builder_version=&#8221;4.16&#8243; custom_padding=&#8221;|||&#8221; global_colors_info=&#8221;{}&#8221; custom_padding__hover=&#8221;|||&#8221; theme_builder_area=&#8221;post_content&#8221;][et_pb_text _builder_version=&#8221;4.27.0&#8243; text_font=&#8221;||||||||&#8221; header_font=&#8221;Khand|700||on|||||&#8221; header_font_size=&#8221;42px&#8221; background_layout=&#8221;dark&#8221; header_font_size_tablet=&#8221;60px&#8221; header_font_size_phone=&#8221;40px&#8221; header_font_size_last_edited=&#8221;on|phone&#8221; locked=&#8221;off&#8221; global_colors_info=&#8221;{}&#8221; theme_builder_area=&#8221;post_content&#8221;]<h1>Impression grand format<\/h1>[\/et_pb_text][et_pb_divider color=&#8221;#ffffff&#8221; divider_style=&#8221;double&#8221; divider_weight=&#8221;10px&#8221; _builder_version=&#8221;4.16&#8243; transform_skew=&#8221;-20deg|0deg&#8221; max_width=&#8221;100px&#8221; height=&#8221;10px&#8221; locked=&#8221;off&#8221; global_colors_info=&#8221;{}&#8221; theme_builder_area=&#8221;post_content&#8221;][\/et_pb_divider][et_pb_text _builder_version=&#8221;4.27.0&#8243; text_font=&#8221;|600|||||||&#8221; text_line_height=&#8221;2em&#8221; background_layout=&#8221;dark&#8221; locked=&#8221;off&#8221; global_colors_info=&#8221;{}&#8221; theme_builder_area=&#8221;post_content&#8221;]<p>Impression grand format Puget-Sur-Argens L\u2019impression grand format joue un r\u00f4le crucial dans la communication visuelle, en particulier pour les entreprises cherchant \u00e0 capter l\u2019attention d\u2019un large public. Une impression grand format bien visible peut consid\u00e9rablement am\u00e9liorer la notori\u00e9t\u00e9 d\u2019une marque, promouvoir des produits ou services, et cr\u00e9er une forte impression visuelle. Voici pourquoi il est essentiel de soigner la visibilit\u00e9 de ces supports.<\/p>[\/et_pb_text][\/et_pb_column_inner][\/et_pb_row_inner][\/et_pb_column][\/et_pb_section][et_pb_section fb_built=&#8221;1&#8243; theme_builder_area=&#8221;post_content&#8221; _builder_version=&#8221;4.27.0&#8243; _module_preset=&#8221;default&#8221;][et_pb_row _builder_version=&#8221;4.27.0&#8243; _module_preset=&#8221;default&#8221; theme_builder_area=&#8221;post_content&#8221;][et_pb_column _builder_version=&#8221;4.27.0&#8243; _module_preset=&#8221;default&#8221; type=&#8221;4_4&#8243; theme_builder_area=&#8221;post_content&#8221;][et_pb_text _builder_version=&#8221;4.27.0&#8243; _module_preset=&#8221;default&#8221; theme_builder_area=&#8221;post_content&#8221; hover_enabled=&#8221;0&#8243; sticky_enabled=&#8221;0&#8243; text_font=&#8221;|600|||||||&#8221; text_letter_spacing=&#8221;2px&#8221;]<h3>Attirer l\u2019attention \u00e0 grande \u00e9chelle<\/h3>\n<p>L\u2019un des principaux avantages de l\u2019impression grand format est sa capacit\u00e9 \u00e0 attirer l\u2019attention de loin. Que ce soit pour des affiches, des panneaux publicitaires, ou des b\u00e2ches, ces supports sont con\u00e7us pour \u00eatre vus par un grand nombre de personnes, qu\u2019ils soient pi\u00e9tons ou conducteurs. Une impression grand format bien visible capte imm\u00e9diatement le regard gr\u00e2ce \u00e0 sa taille imposante, ses couleurs vives et son impact visuel. Elle permet de se d\u00e9marquer dans un environnement souvent satur\u00e9 de publicit\u00e9s et autres informations visuelles.<\/p>\n<h3>Communication claire et percutante<\/h3>\n<p>Les impressions grand format offrent un espace g\u00e9n\u00e9reux pour communiquer un message de mani\u00e8re claire et percutante. Elles permettent d\u2019inclure des visuels de haute qualit\u00e9, des textes lisibles de loin, et des \u00e9l\u00e9ments graphiques accrocheurs. Qu\u2019il s\u2019agisse de promouvoir un \u00e9v\u00e9nement, d\u2019annoncer une offre sp\u00e9ciale ou de renforcer la visibilit\u00e9 d\u2019une marque, ces impressions permettent de transmettre efficacement un message en un coup d&#8217;\u0153il, ce qui est particuli\u00e8rement important dans des lieux de passage rapides, comme les rues ou les centres commerciaux.<\/p>\n<h3>Renforcer l\u2019image de marque<\/h3>\n<p>Une impression grand format bien r\u00e9alis\u00e9e contribue \u00e9galement \u00e0 renforcer l\u2019identit\u00e9 visuelle et la coh\u00e9rence de la marque. En utilisant des couleurs, des polices et des logos qui respectent la charte graphique de l\u2019entreprise, on cr\u00e9e une continuit\u00e9 visuelle qui aide \u00e0 la reconnaissance de la marque. Plus le message <a href=\"https:\/\/www.realisaprint.com\/\">est<\/a> visible et coh\u00e9rent avec l\u2019image de l\u2019entreprise, plus il sera m\u00e9moris\u00e9 par le public.<\/p>\n<h3>Flexibilit\u00e9 et polyvalence<\/h3>\n<p>L\u2019un des atouts majeurs de l\u2019impression grand format r\u00e9side dans sa polyvalence. Que ce soit pour des \u00e9v\u00e9nements temporaires comme des salons ou des promotions saisonni\u00e8res, ou pour des campagnes publicitaires de longue dur\u00e9e, les impressions grand format peuvent s\u2019adapter \u00e0 diff\u00e9rents contextes et besoins. Elles peuvent \u00eatre install\u00e9es aussi bien en int\u00e9rieur qu\u2019en ext\u00e9rieur, offrant une visibilit\u00e9 maximale selon l\u2019emplacement choisi.<\/p>[\/et_pb_text][\/et_pb_column][\/et_pb_row][\/et_pb_section][et_pb_section fb_built=&#8221;1&#8243; theme_builder_area=&#8221;post_content&#8221; _builder_version=&#8221;4.27.0&#8243; _module_preset=&#8221;default&#8221;][et_pb_row _builder_version=&#8221;4.16&#8243; global_colors_info=&#8221;{}&#8221; theme_builder_area=&#8221;post_content&#8221;][et_pb_column type=&#8221;4_4&#8243; _builder_version=&#8221;4.16&#8243; custom_padding=&#8221;|||&#8221; global_colors_info=&#8221;{}&#8221; custom_padding__hover=&#8221;|||&#8221; theme_builder_area=&#8221;post_content&#8221;][et_pb_text _builder_version=&#8221;4.27.0&#8243; _module_preset=&#8221;default&#8221; text_font_size=&#8221;24px&#8221; header_2_font=&#8221;|600|||||||&#8221; text_orientation=&#8221;center&#8221; global_colors_info=&#8221;{}&#8221; theme_builder_area=&#8221;post_content&#8221;]<h2 class=\"contact__title\">Demande de devis<\/h2>[\/et_pb_text][\/et_pb_column][\/et_pb_row][\/et_pb_section][et_pb_section fb_built=&#8221;1&#8243; theme_builder_area=&#8221;post_content&#8221; _builder_version=&#8221;4.27.0&#8243; _module_preset=&#8221;default&#8221;][et_pb_row _builder_version=&#8221;4.27.0&#8243; _module_preset=&#8221;default&#8221; global_colors_info=&#8221;{}&#8221; theme_builder_area=&#8221;post_content&#8221;][et_pb_column type=&#8221;4_4&#8243; _builder_version=&#8221;4.27.0&#8243; _module_preset=&#8221;default&#8221; global_colors_info=&#8221;{}&#8221; theme_builder_area=&#8221;post_content&#8221;][et_pb_contact_form _builder_version=&#8221;4.27.0&#8243; _module_preset=&#8221;default&#8221; _unique_id=&#8221;57729154-028f-44ff-ad3a-4883b16819b4&#8243; form_field_background_color=&#8221;#bababa&#8221; form_field_text_color=&#8221;#FFFFFF&#8221; form_field_focus_background_color=&#8221;#bababa&#8221; form_field_focus_text_color=&#8221;#000000&#8243; title_text_color=&#8221;#FFFFFF&#8221; custom_button=&#8221;on&#8221; button_text_color=&#8221;#000000&#8243; button_icon=&#8221;&#x2c;||divi||400&#8243; border_radii=&#8221;on|40px|40px|40px|40px&#8221; border_color_all=&#8221;#000000&#8243; global_colors_info=&#8221;{}&#8221; theme_builder_area=&#8221;post_content&#8221;][et_pb_contact_field field_id=&#8221;Name&#8221; field_title=&#8221;Nom&#8221; _builder_version=&#8221;4.16&#8243; global_colors_info=&#8221;{}&#8221; button_text_size__hover_enabled=&#8221;off&#8221; button_one_text_size__hover_enabled=&#8221;off&#8221; button_two_text_size__hover_enabled=&#8221;off&#8221; button_text_color__hover_enabled=&#8221;off&#8221; button_one_text_color__hover_enabled=&#8221;off&#8221; button_two_text_color__hover_enabled=&#8221;off&#8221; button_border_width__hover_enabled=&#8221;off&#8221; button_one_border_width__hover_enabled=&#8221;off&#8221; button_two_border_width__hover_enabled=&#8221;off&#8221; button_border_color__hover_enabled=&#8221;off&#8221; button_one_border_color__hover_enabled=&#8221;off&#8221; button_two_border_color__hover_enabled=&#8221;off&#8221; button_border_radius__hover_enabled=&#8221;off&#8221; button_one_border_radius__hover_enabled=&#8221;off&#8221; button_two_border_radius__hover_enabled=&#8221;off&#8221; button_letter_spacing__hover_enabled=&#8221;off&#8221; button_one_letter_spacing__hover_enabled=&#8221;off&#8221; button_two_letter_spacing__hover_enabled=&#8221;off&#8221; button_bg_color__hover_enabled=&#8221;off&#8221; button_one_bg_color__hover_enabled=&#8221;off&#8221; button_two_bg_color__hover_enabled=&#8221;off&#8221; theme_builder_area=&#8221;post_content&#8221;][\/et_pb_contact_field][et_pb_contact_field field_id=&#8221;Email&#8221; field_title=&#8221;Adresse e-mail&#8221; field_type=&#8221;email&#8221; _builder_version=&#8221;4.16&#8243; global_colors_info=&#8221;{}&#8221; button_text_size__hover_enabled=&#8221;off&#8221; button_one_text_size__hover_enabled=&#8221;off&#8221; button_two_text_size__hover_enabled=&#8221;off&#8221; button_text_color__hover_enabled=&#8221;off&#8221; button_one_text_color__hover_enabled=&#8221;off&#8221; button_two_text_color__hover_enabled=&#8221;off&#8221; button_border_width__hover_enabled=&#8221;off&#8221; button_one_border_width__hover_enabled=&#8221;off&#8221; button_two_border_width__hover_enabled=&#8221;off&#8221; button_border_color__hover_enabled=&#8221;off&#8221; button_one_border_color__hover_enabled=&#8221;off&#8221; button_two_border_color__hover_enabled=&#8221;off&#8221; button_border_radius__hover_enabled=&#8221;off&#8221; button_one_border_radius__hover_enabled=&#8221;off&#8221; button_two_border_radius__hover_enabled=&#8221;off&#8221; button_letter_spacing__hover_enabled=&#8221;off&#8221; button_one_letter_spacing__hover_enabled=&#8221;off&#8221; button_two_letter_spacing__hover_enabled=&#8221;off&#8221; button_bg_color__hover_enabled=&#8221;off&#8221; button_one_bg_color__hover_enabled=&#8221;off&#8221; button_two_bg_color__hover_enabled=&#8221;off&#8221; theme_builder_area=&#8221;post_content&#8221;][\/et_pb_contact_field][et_pb_contact_field field_id=&#8221;T\u00e9l\u00e9phone&#8221; field_title=&#8221;T\u00e9l\u00e9phone&#8221; allowed_symbols=&#8221;numbers&#8221; _builder_version=&#8221;4.27.0&#8243; global_colors_info=&#8221;{}&#8221; button_text_size__hover_enabled=&#8221;off&#8221; button_one_text_size__hover_enabled=&#8221;off&#8221; button_two_text_size__hover_enabled=&#8221;off&#8221; button_text_color__hover_enabled=&#8221;off&#8221; button_one_text_color__hover_enabled=&#8221;off&#8221; button_two_text_color__hover_enabled=&#8221;off&#8221; button_border_width__hover_enabled=&#8221;off&#8221; button_one_border_width__hover_enabled=&#8221;off&#8221; button_two_border_width__hover_enabled=&#8221;off&#8221; button_border_color__hover_enabled=&#8221;off&#8221; button_one_border_color__hover_enabled=&#8221;off&#8221; button_two_border_color__hover_enabled=&#8221;off&#8221; button_border_radius__hover_enabled=&#8221;off&#8221; button_one_border_radius__hover_enabled=&#8221;off&#8221; button_two_border_radius__hover_enabled=&#8221;off&#8221; button_letter_spacing__hover_enabled=&#8221;off&#8221; button_one_letter_spacing__hover_enabled=&#8221;off&#8221; button_two_letter_spacing__hover_enabled=&#8221;off&#8221; button_bg_color__hover_enabled=&#8221;off&#8221; button_one_bg_color__hover_enabled=&#8221;off&#8221; button_two_bg_color__hover_enabled=&#8221;off&#8221; theme_builder_area=&#8221;post_content&#8221;][\/et_pb_contact_field][et_pb_contact_field field_id=&#8221;adresse_postal&#8221; field_title=&#8221;Adresse postal&#8221; _builder_version=&#8221;4.27.0&#8243; global_colors_info=&#8221;{}&#8221; button_text_size__hover_enabled=&#8221;off&#8221; button_one_text_size__hover_enabled=&#8221;off&#8221; button_two_text_size__hover_enabled=&#8221;off&#8221; button_text_color__hover_enabled=&#8221;off&#8221; button_one_text_color__hover_enabled=&#8221;off&#8221; button_two_text_color__hover_enabled=&#8221;off&#8221; button_border_width__hover_enabled=&#8221;off&#8221; button_one_border_width__hover_enabled=&#8221;off&#8221; button_two_border_width__hover_enabled=&#8221;off&#8221; button_border_color__hover_enabled=&#8221;off&#8221; button_one_border_color__hover_enabled=&#8221;off&#8221; button_two_border_color__hover_enabled=&#8221;off&#8221; button_border_radius__hover_enabled=&#8221;off&#8221; button_one_border_radius__hover_enabled=&#8221;off&#8221; button_two_border_radius__hover_enabled=&#8221;off&#8221; button_letter_spacing__hover_enabled=&#8221;off&#8221; button_one_letter_spacing__hover_enabled=&#8221;off&#8221; button_two_letter_spacing__hover_enabled=&#8221;off&#8221; button_bg_color__hover_enabled=&#8221;off&#8221; button_one_bg_color__hover_enabled=&#8221;off&#8221; button_two_bg_color__hover_enabled=&#8221;off&#8221; theme_builder_area=&#8221;post_content&#8221;][\/et_pb_contact_field][et_pb_contact_field field_id=&#8221;Message&#8221; field_title=&#8221;Message&#8221; field_type=&#8221;text&#8221; fullwidth_field=&#8221;on&#8221; _builder_version=&#8221;4.16&#8243; global_colors_info=&#8221;{}&#8221; button_text_size__hover_enabled=&#8221;off&#8221; button_one_text_size__hover_enabled=&#8221;off&#8221; button_two_text_size__hover_enabled=&#8221;off&#8221; button_text_color__hover_enabled=&#8221;off&#8221; button_one_text_color__hover_enabled=&#8221;off&#8221; button_two_text_color__hover_enabled=&#8221;off&#8221; button_border_width__hover_enabled=&#8221;off&#8221; button_one_border_width__hover_enabled=&#8221;off&#8221; button_two_border_width__hover_enabled=&#8221;off&#8221; button_border_color__hover_enabled=&#8221;off&#8221; button_one_border_color__hover_enabled=&#8221;off&#8221; button_two_border_color__hover_enabled=&#8221;off&#8221; button_border_radius__hover_enabled=&#8221;off&#8221; button_one_border_radius__hover_enabled=&#8221;off&#8221; button_two_border_radius__hover_enabled=&#8221;off&#8221; button_letter_spacing__hover_enabled=&#8221;off&#8221; button_one_letter_spacing__hover_enabled=&#8221;off&#8221; button_two_letter_spacing__hover_enabled=&#8221;off&#8221; button_bg_color__hover_enabled=&#8221;off&#8221; button_one_bg_color__hover_enabled=&#8221;off&#8221; button_two_bg_color__hover_enabled=&#8221;off&#8221; theme_builder_area=&#8221;post_content&#8221;][\/et_pb_contact_field][\/et_pb_contact_form][\/et_pb_column][\/et_pb_row][\/et_pb_section]\n","protected":false},"excerpt":{"rendered":"<p>Impression grand formatImpression grand format Puget-Sur-Argens L\u2019impression grand format joue un r\u00f4le crucial dans la communication visuelle, en particulier pour les entreprises cherchant \u00e0 capter l\u2019attention d\u2019un large public. Une impression grand format bien visible peut consid\u00e9rablement am\u00e9liorer la notori\u00e9t\u00e9 d\u2019une marque, promouvoir des produits ou services, et cr\u00e9er une forte impression visuelle. Voici pourquoi [&hellip;]<\/p>\n","protected":false},"author":1,"featured_media":0,"parent":0,"menu_order":0,"comment_status":"closed","ping_status":"closed","template":"","meta":{"_et_pb_use_builder":"on","_et_pb_old_content":"<!-- wp:divi\/placeholder \/-->","_et_gb_content_width":"","footnotes":""},"class_list":["post-62","page","type-page","status-publish","hentry"],"yoast_head":"<!-- This site is optimized with the Yoast SEO plugin v24.4 - https:\/\/yoast.com\/wordpress\/plugins\/seo\/ -->\n<title>Impression grand format puget-sur-argens Imprimeur<\/title>\n<meta name=\"description\" content=\"Impression grand format puget-sur-argens Imprimeur , Print, habillage palissade panneau de chantier, adh\u00e9sif promo sur Puget-Sur-Argens\" \/>\n<meta name=\"robots\" content=\"index, follow, max-snippet:-1, max-image-preview:large, max-video-preview:-1\" \/>\n<link rel=\"canonical\" href=\"https:\/\/enseigne-signaletique-frejus.fr\/?page_id=62\" \/>\n<meta property=\"og:locale\" content=\"en_US\" \/>\n<meta property=\"og:type\" content=\"article\" \/>\n<meta property=\"og:title\" content=\"Impression grand format puget-sur-argens Imprimeur\" \/>\n<meta property=\"og:description\" content=\"Impression grand format puget-sur-argens Imprimeur , Print, habillage palissade panneau de chantier, adh\u00e9sif promo sur Puget-Sur-Argens\" \/>\n<meta property=\"og:url\" content=\"https:\/\/enseigne-signaletique-frejus.fr\/?page_id=62\" \/>\n<meta property=\"og:site_name\" content=\"Enseigne signal\u00e9tique Fr\u00e9jus\" \/>\n<meta property=\"article:modified_time\" content=\"2024-09-28T20:36:19+00:00\" \/>\n<meta name=\"twitter:card\" content=\"summary_large_image\" \/>\n<meta name=\"twitter:label1\" content=\"Est. reading time\" \/>\n\t<meta name=\"twitter:data1\" content=\"3 minutes\" \/>\n<script type=\"application\/ld+json\" class=\"yoast-schema-graph\">{\"@context\":\"https:\/\/schema.org\",\"@graph\":[{\"@type\":\"WebPage\",\"@id\":\"https:\/\/enseigne-signaletique-frejus.fr\/?page_id=62\",\"url\":\"https:\/\/enseigne-signaletique-frejus.fr\/?page_id=62\",\"name\":\"Impression grand format puget-sur-argens Imprimeur\",\"isPartOf\":{\"@id\":\"https:\/\/enseigne-signaletique-frejus.fr\/#website\"},\"datePublished\":\"2024-08-31T14:40:50+00:00\",\"dateModified\":\"2024-09-28T20:36:19+00:00\",\"description\":\"Impression grand format puget-sur-argens Imprimeur , Print, habillage palissade panneau de chantier, adh\u00e9sif promo sur Puget-Sur-Argens\",\"breadcrumb\":{\"@id\":\"https:\/\/enseigne-signaletique-frejus.fr\/?page_id=62#breadcrumb\"},\"inLanguage\":\"en-US\",\"potentialAction\":[{\"@type\":\"ReadAction\",\"target\":[\"https:\/\/enseigne-signaletique-frejus.fr\/?page_id=62\"]}]},{\"@type\":\"BreadcrumbList\",\"@id\":\"https:\/\/enseigne-signaletique-frejus.fr\/?page_id=62#breadcrumb\",\"itemListElement\":[{\"@type\":\"ListItem\",\"position\":1,\"name\":\"Accueil\",\"item\":\"https:\/\/enseigne-signaletique-frejus.fr\/\"},{\"@type\":\"ListItem\",\"position\":2,\"name\":\"Impression grand format\"}]},{\"@type\":\"WebSite\",\"@id\":\"https:\/\/enseigne-signaletique-frejus.fr\/#website\",\"url\":\"https:\/\/enseigne-signaletique-frejus.fr\/\",\"name\":\"Enseigne signal\u00e9tique Fr\u00e9jus\",\"description\":\"Enseigne signal\u00e9tique Fr\u00e9jus\",\"potentialAction\":[{\"@type\":\"SearchAction\",\"target\":{\"@type\":\"EntryPoint\",\"urlTemplate\":\"https:\/\/enseigne-signaletique-frejus.fr\/?s={search_term_string}\"},\"query-input\":{\"@type\":\"PropertyValueSpecification\",\"valueRequired\":true,\"valueName\":\"search_term_string\"}}],\"inLanguage\":\"en-US\"}]}<\/script>\n<!-- \/ Yoast SEO plugin. -->","yoast_head_json":{"title":"Impression grand format puget-sur-argens Imprimeur","description":"Impression grand format puget-sur-argens Imprimeur , Print, habillage palissade panneau de chantier, adh\u00e9sif promo sur Puget-Sur-Argens","robots":{"index":"index","follow":"follow","max-snippet":"max-snippet:-1","max-image-preview":"max-image-preview:large","max-video-preview":"max-video-preview:-1"},"canonical":"https:\/\/enseigne-signaletique-frejus.fr\/?page_id=62","og_locale":"en_US","og_type":"article","og_title":"Impression grand format puget-sur-argens Imprimeur","og_description":"Impression grand format puget-sur-argens Imprimeur , Print, habillage palissade panneau de chantier, adh\u00e9sif promo sur Puget-Sur-Argens","og_url":"https:\/\/enseigne-signaletique-frejus.fr\/?page_id=62","og_site_name":"Enseigne signal\u00e9tique Fr\u00e9jus","article_modified_time":"2024-09-28T20:36:19+00:00","twitter_card":"summary_large_image","twitter_misc":{"Est. reading time":"3 minutes"},"schema":{"@context":"https:\/\/schema.org","@graph":[{"@type":"WebPage","@id":"https:\/\/enseigne-signaletique-frejus.fr\/?page_id=62","url":"https:\/\/enseigne-signaletique-frejus.fr\/?page_id=62","name":"Impression grand format puget-sur-argens Imprimeur","isPartOf":{"@id":"https:\/\/enseigne-signaletique-frejus.fr\/#website"},"datePublished":"2024-08-31T14:40:50+00:00","dateModified":"2024-09-28T20:36:19+00:00","description":"Impression grand format puget-sur-argens Imprimeur , Print, habillage palissade panneau de chantier, adh\u00e9sif promo sur Puget-Sur-Argens","breadcrumb":{"@id":"https:\/\/enseigne-signaletique-frejus.fr\/?page_id=62#breadcrumb"},"inLanguage":"en-US","potentialAction":[{"@type":"ReadAction","target":["https:\/\/enseigne-signaletique-frejus.fr\/?page_id=62"]}]},{"@type":"BreadcrumbList","@id":"https:\/\/enseigne-signaletique-frejus.fr\/?page_id=62#breadcrumb","itemListElement":[{"@type":"ListItem","position":1,"name":"Accueil","item":"https:\/\/enseigne-signaletique-frejus.fr\/"},{"@type":"ListItem","position":2,"name":"Impression grand format"}]},{"@type":"WebSite","@id":"https:\/\/enseigne-signaletique-frejus.fr\/#website","url":"https:\/\/enseigne-signaletique-frejus.fr\/","name":"Enseigne signal\u00e9tique Fr\u00e9jus","description":"Enseigne signal\u00e9tique Fr\u00e9jus","potentialAction":[{"@type":"SearchAction","target":{"@type":"EntryPoint","urlTemplate":"https:\/\/enseigne-signaletique-frejus.fr\/?s={search_term_string}"},"query-input":{"@type":"PropertyValueSpecification","valueRequired":true,"valueName":"search_term_string"}}],"inLanguage":"en-US"}]}},"_links":{"self":[{"href":"https:\/\/enseigne-signaletique-frejus.fr\/index.php?rest_route=\/wp\/v2\/pages\/62","targetHints":{"allow":["GET"]}}],"collection":[{"href":"https:\/\/enseigne-signaletique-frejus.fr\/index.php?rest_route=\/wp\/v2\/pages"}],"about":[{"href":"https:\/\/enseigne-signaletique-frejus.fr\/index.php?rest_route=\/wp\/v2\/types\/page"}],"author":[{"embeddable":true,"href":"https:\/\/enseigne-signaletique-frejus.fr\/index.php?rest_route=\/wp\/v2\/users\/1"}],"replies":[{"embeddable":true,"href":"https:\/\/enseigne-signaletique-frejus.fr\/index.php?rest_route=%2Fwp%2Fv2%2Fcomments&post=62"}],"version-history":[{"count":4,"href":"https:\/\/enseigne-signaletique-frejus.fr\/index.php?rest_route=\/wp\/v2\/pages\/62\/revisions"}],"predecessor-version":[{"id":109,"href":"https:\/\/enseigne-signaletique-frejus.fr\/index.php?rest_route=\/wp\/v2\/pages\/62\/revisions\/109"}],"wp:attachment":[{"href":"https:\/\/enseigne-signaletique-frejus.fr\/index.php?rest_route=%2Fwp%2Fv2%2Fmedia&parent=62"}],"curies":[{"name":"wp","href":"https:\/\/api.w.org\/{rel}","templated":true}]}}