{"id":60,"date":"2024-08-31T16:39:06","date_gmt":"2024-08-31T14:39:06","guid":{"rendered":"https:\/\/enseigne-signaletique-frejus.fr\/?page_id=60"},"modified":"2024-09-28T22:35:45","modified_gmt":"2024-09-28T20:35:45","slug":"decoration-vitrine-puget-sur-argens-vitrophanie","status":"publish","type":"page","link":"https:\/\/enseigne-signaletique-frejus.fr\/?page_id=60","title":{"rendered":"D\u00e9coration Vitrine"},"content":{"rendered":"\n[et_pb_section fb_built=&#8221;1&#8243; specialty=&#8221;on&#8221; custom_padding_last_edited=&#8221;on|desktop&#8221; padding_top_1=&#8221;0px&#8221; padding_2_tablet=&#8221;|||10vw&#8221; padding_2_phone=&#8221;&#8221; padding_2_last_edited=&#8221;on|tablet&#8221; admin_label=&#8221;Header&#8221; _builder_version=&#8221;4.16&#8243; background_color=&#8221;#eaeaf1&#8243; inner_width=&#8221;100%&#8221; inner_max_width=&#8221;100%&#8221; custom_padding=&#8221;0px|10vw|1px|||&#8221; custom_padding_tablet=&#8221;|||&#8221; custom_padding_phone=&#8221;&#8221; locked=&#8221;off&#8221; global_colors_info=&#8221;{}&#8221; theme_builder_area=&#8221;post_content&#8221;][et_pb_column type=&#8221;1_2&#8243; _builder_version=&#8221;4.16&#8243; custom_padding=&#8221;|||&#8221; global_colors_info=&#8221;{}&#8221; custom_padding__hover=&#8221;|||&#8221; theme_builder_area=&#8221;post_content&#8221;][et_pb_image src=&#8221;https:\/\/enseigne-signaletique-frejus.fr\/wp-content\/uploads\/2024\/08\/mechanic-73.png&#8221; title_text=&#8221;24f746d2-55d8-4680-a533-cab4221b84be&#8221; align_tablet=&#8221;center&#8221; align_phone=&#8221;center&#8221; align_last_edited=&#8221;on|desktop&#8221; _builder_version=&#8221;4.27.0&#8243; background_image=&#8221;https:\/\/enseigne-signaletique-frejus.fr\/wp-content\/uploads\/2024\/09\/24f746d2-55d8-4680-a533-cab4221b84be.jpg&#8221; parallax=&#8221;on&#8221; custom_margin=&#8221;|-50vw||&#8221; custom_margin_tablet=&#8221;|0vw||&#8221; custom_margin_phone=&#8221;&#8221; custom_margin_last_edited=&#8221;on|desktop&#8221; hover_enabled=&#8221;0&#8243; locked=&#8221;off&#8221; global_colors_info=&#8221;{}&#8221; theme_builder_area=&#8221;post_content&#8221; sticky_enabled=&#8221;0&#8243;][\/et_pb_image][\/et_pb_column][et_pb_column type=&#8221;1_2&#8243; specialty_columns=&#8221;2&#8243; _builder_version=&#8221;4.16&#8243; custom_padding=&#8221;|||&#8221; global_colors_info=&#8221;{}&#8221; custom_padding__hover=&#8221;|||&#8221; theme_builder_area=&#8221;post_content&#8221;][et_pb_row_inner custom_padding_last_edited=&#8221;on|phone&#8221; _builder_version=&#8221;4.16&#8243; background_color=&#8221;#0251b8&#8243; max_width=&#8221;600px&#8221; custom_margin=&#8221;10vw|||&#8221; custom_margin_tablet=&#8221;-40vw||&#8221; custom_margin_phone=&#8221;&#8221; custom_margin_last_edited=&#8221;on|tablet&#8221; custom_padding=&#8221;80px|60px|80px|60px|true|false&#8221; custom_padding_tablet=&#8221;60px|50px|60px|50px|true|true&#8221; custom_padding_phone=&#8221;50px|||40px&#8221; box_shadow_style=&#8221;preset2&#8243; box_shadow_vertical=&#8221;28px&#8221; box_shadow_blur=&#8221;40px&#8221; box_shadow_color=&#8221;rgba(0,0,0,0.1)&#8221; global_colors_info=&#8221;{}&#8221; theme_builder_area=&#8221;post_content&#8221;][et_pb_column_inner saved_specialty_column_type=&#8221;1_2&#8243; _builder_version=&#8221;4.16&#8243; custom_padding=&#8221;|||&#8221; global_colors_info=&#8221;{}&#8221; custom_padding__hover=&#8221;|||&#8221; theme_builder_area=&#8221;post_content&#8221;][et_pb_text _builder_version=&#8221;4.27.0&#8243; text_font=&#8221;||||||||&#8221; header_font=&#8221;Khand|700||on|||||&#8221; header_font_size=&#8221;42px&#8221; background_layout=&#8221;dark&#8221; header_font_size_tablet=&#8221;60px&#8221; header_font_size_phone=&#8221;40px&#8221; header_font_size_last_edited=&#8221;on|phone&#8221; locked=&#8221;off&#8221; global_colors_info=&#8221;{}&#8221; theme_builder_area=&#8221;post_content&#8221;]<h1>Decoration vitrine<\/h1>[\/et_pb_text][et_pb_divider color=&#8221;#ffffff&#8221; divider_style=&#8221;double&#8221; divider_weight=&#8221;10px&#8221; _builder_version=&#8221;4.16&#8243; transform_skew=&#8221;-20deg|0deg&#8221; max_width=&#8221;100px&#8221; height=&#8221;10px&#8221; locked=&#8221;off&#8221; global_colors_info=&#8221;{}&#8221; theme_builder_area=&#8221;post_content&#8221;][\/et_pb_divider][et_pb_text _builder_version=&#8221;4.27.0&#8243; text_font=&#8221;|600|||||||&#8221; text_line_height=&#8221;2em&#8221; background_layout=&#8221;dark&#8221; locked=&#8221;off&#8221; global_colors_info=&#8221;{}&#8221; theme_builder_area=&#8221;post_content&#8221;]<p>D\u00e9coration vitrine Puget-Sur-Argens Une d\u00e9coration de vitrine bien visible joue un r\u00f4le d\u00e9terminant dans l\u2019attraction des clients et la valorisation d\u2019une boutique ou d\u2019un commerce. Plus qu\u2019une simple pr\u00e9sentation de produits, la vitrine est un outil de communication qui attire l\u2019attention, v\u00e9hicule l\u2019identit\u00e9 de la marque et influence la d\u00e9cision d\u2019achat. Voici pourquoi une d\u00e9coration de vitrine soign\u00e9e et bien visible est essentielle pour une entreprise.<\/p>[\/et_pb_text][\/et_pb_column_inner][\/et_pb_row_inner][\/et_pb_column][\/et_pb_section][et_pb_section fb_built=&#8221;1&#8243; theme_builder_area=&#8221;post_content&#8221; _builder_version=&#8221;4.27.0&#8243; _module_preset=&#8221;default&#8221;][et_pb_row _builder_version=&#8221;4.27.0&#8243; _module_preset=&#8221;default&#8221; theme_builder_area=&#8221;post_content&#8221;][et_pb_column _builder_version=&#8221;4.27.0&#8243; _module_preset=&#8221;default&#8221; type=&#8221;4_4&#8243; theme_builder_area=&#8221;post_content&#8221;][et_pb_text _builder_version=&#8221;4.27.0&#8243; _module_preset=&#8221;default&#8221; theme_builder_area=&#8221;post_content&#8221; hover_enabled=&#8221;0&#8243; sticky_enabled=&#8221;0&#8243; text_font=&#8221;|600|||||||&#8221; text_letter_spacing=&#8221;1px&#8221;]<h3>Attirer l\u2019attention et capter le regard<\/h3>\n<p>La vitrine est le premier contact visuel entre une boutique et les passants. Une d\u00e9coration de vitrine bien visible permet de se d\u00e9marquer dans un environnement souvent encombr\u00e9 par de nombreuses autres enseignes. Elle doit capter l\u2019attention en quelques secondes et inciter les passants \u00e0 s\u2019arr\u00eater pour d\u00e9couvrir ce que propose le magasin. L\u2019utilisation judicieuse de couleurs, de lumi\u00e8res, et de mises en sc\u00e8ne cr\u00e9atives est cruciale pour attirer le regard et susciter la curiosit\u00e9 des potentiels clients.<\/p>\n<h3>Cr\u00e9er une premi\u00e8re impression positive<\/h3>\n<p>La vitrine refl\u00e8te l\u2019image de la boutique. Une d\u00e9coration soign\u00e9e et bien agenc\u00e9e transmet un message de professionnalisme et de qualit\u00e9. Elle peut \u00e9galement v\u00e9hiculer l&#8217;univers et les valeurs de la marque, que ce soit \u00e0 travers des th\u00e9matiques saisonni\u00e8res ou des concepts cr\u00e9atifs. Une vitrine propre, bien entretenue et esth\u00e9tiquement plaisante donne une impression positive et rassurante, ce qui encourage les clients \u00e0 entrer dans le magasin.<\/p>\n<h3>Stimuler les ventes et susciter l\u2019int\u00e9r\u00eat<\/h3>\n<p>Une vitrine visible et bien d\u00e9cor\u00e9e influence directement la d\u00e9cision d\u2019achat. En mettant en avant les produits phares, les promotions ou les nouveaut\u00e9s, elle incite les clients \u00e0 s\u2019int\u00e9resser \u00e0 l\u2019offre du magasin. Les vitrines peuvent \u00e9galement jouer sur l\u2019urgence ou la raret\u00e9 (soldes, \u00e9ditions limit\u00e9es), ce qui pousse les passants \u00e0 entrer pour ne pas manquer une <a href=\"https:\/\/www.3ds.fr\/solutions\/vitrophanie-bureau\/\">opportunit\u00e9<\/a>. Une pr\u00e9sentation attrayante des produits donne envie aux clients de les toucher, de les essayer, et finalement, de les acheter.<\/p>\n<h3>Renforcer l\u2019identit\u00e9 de la marque<\/h3>\n<p>La d\u00e9coration de vitrine est un moyen efficace de renforcer l\u2019identit\u00e9 visuelle d\u2019une marque. En respectant une charte graphique coh\u00e9rente, la vitrine permet de cr\u00e9er un lien avec l\u2019int\u00e9rieur de la boutique et l\u2019univers de la marque. Elle doit raconter une histoire qui plonge les clients dans l\u2019exp\u00e9rience de la marque d\u00e8s qu\u2019ils passent devant. Cela aide \u00e0 renforcer la notori\u00e9t\u00e9 et \u00e0 fid\u00e9liser les clients.<\/p>\n<h3>Adaptabilit\u00e9 et renouvellement<\/h3>\n<p>Enfin, une vitrine bien visible permet une grande flexibilit\u00e9 et peut \u00eatre facilement renouvel\u00e9e pour s\u2019adapter aux saisons, aux \u00e9v\u00e9nements sp\u00e9ciaux ou aux lancements de nouveaux produits. Une vitrine qui change r\u00e9guli\u00e8rement cr\u00e9e de l&#8217;attente chez les clients, qui seront curieux de voir les nouvelles mises en sc\u00e8ne, ce qui les incitera \u00e0 revenir.<\/p>[\/et_pb_text][\/et_pb_column][\/et_pb_row][\/et_pb_section][et_pb_section fb_built=&#8221;1&#8243; theme_builder_area=&#8221;post_content&#8221; _builder_version=&#8221;4.27.0&#8243; _module_preset=&#8221;default&#8221;][et_pb_row _builder_version=&#8221;4.16&#8243; global_colors_info=&#8221;{}&#8221; theme_builder_area=&#8221;post_content&#8221;][et_pb_column type=&#8221;4_4&#8243; _builder_version=&#8221;4.16&#8243; custom_padding=&#8221;|||&#8221; global_colors_info=&#8221;{}&#8221; custom_padding__hover=&#8221;|||&#8221; theme_builder_area=&#8221;post_content&#8221;][et_pb_text _builder_version=&#8221;4.27.0&#8243; _module_preset=&#8221;default&#8221; text_font_size=&#8221;24px&#8221; header_2_font=&#8221;|600|||||||&#8221; text_orientation=&#8221;center&#8221; global_colors_info=&#8221;{}&#8221; theme_builder_area=&#8221;post_content&#8221;]<h2 class=\"contact__title\">Demande de devis<\/h2>[\/et_pb_text][\/et_pb_column][\/et_pb_row][\/et_pb_section][et_pb_section fb_built=&#8221;1&#8243; theme_builder_area=&#8221;post_content&#8221; _builder_version=&#8221;4.27.0&#8243; _module_preset=&#8221;default&#8221;][et_pb_row _builder_version=&#8221;4.27.0&#8243; _module_preset=&#8221;default&#8221; global_colors_info=&#8221;{}&#8221; theme_builder_area=&#8221;post_content&#8221;][et_pb_column type=&#8221;4_4&#8243; _builder_version=&#8221;4.27.0&#8243; _module_preset=&#8221;default&#8221; global_colors_info=&#8221;{}&#8221; theme_builder_area=&#8221;post_content&#8221;][et_pb_contact_form _builder_version=&#8221;4.27.0&#8243; _module_preset=&#8221;default&#8221; _unique_id=&#8221;57729154-028f-44ff-ad3a-4883b16819b4&#8243; form_field_background_color=&#8221;#bababa&#8221; form_field_text_color=&#8221;#FFFFFF&#8221; form_field_focus_background_color=&#8221;#bababa&#8221; form_field_focus_text_color=&#8221;#000000&#8243; title_text_color=&#8221;#FFFFFF&#8221; custom_button=&#8221;on&#8221; button_text_color=&#8221;#000000&#8243; button_icon=&#8221;&#x2c;||divi||400&#8243; border_radii=&#8221;on|40px|40px|40px|40px&#8221; border_color_all=&#8221;#000000&#8243; global_colors_info=&#8221;{}&#8221; theme_builder_area=&#8221;post_content&#8221;][et_pb_contact_field field_id=&#8221;Name&#8221; field_title=&#8221;Nom&#8221; _builder_version=&#8221;4.16&#8243; global_colors_info=&#8221;{}&#8221; button_text_size__hover_enabled=&#8221;off&#8221; button_one_text_size__hover_enabled=&#8221;off&#8221; button_two_text_size__hover_enabled=&#8221;off&#8221; button_text_color__hover_enabled=&#8221;off&#8221; button_one_text_color__hover_enabled=&#8221;off&#8221; button_two_text_color__hover_enabled=&#8221;off&#8221; button_border_width__hover_enabled=&#8221;off&#8221; button_one_border_width__hover_enabled=&#8221;off&#8221; button_two_border_width__hover_enabled=&#8221;off&#8221; button_border_color__hover_enabled=&#8221;off&#8221; button_one_border_color__hover_enabled=&#8221;off&#8221; button_two_border_color__hover_enabled=&#8221;off&#8221; button_border_radius__hover_enabled=&#8221;off&#8221; button_one_border_radius__hover_enabled=&#8221;off&#8221; button_two_border_radius__hover_enabled=&#8221;off&#8221; button_letter_spacing__hover_enabled=&#8221;off&#8221; button_one_letter_spacing__hover_enabled=&#8221;off&#8221; button_two_letter_spacing__hover_enabled=&#8221;off&#8221; button_bg_color__hover_enabled=&#8221;off&#8221; button_one_bg_color__hover_enabled=&#8221;off&#8221; button_two_bg_color__hover_enabled=&#8221;off&#8221; theme_builder_area=&#8221;post_content&#8221;][\/et_pb_contact_field][et_pb_contact_field field_id=&#8221;Email&#8221; field_title=&#8221;Adresse e-mail&#8221; field_type=&#8221;email&#8221; _builder_version=&#8221;4.16&#8243; global_colors_info=&#8221;{}&#8221; button_text_size__hover_enabled=&#8221;off&#8221; button_one_text_size__hover_enabled=&#8221;off&#8221; button_two_text_size__hover_enabled=&#8221;off&#8221; button_text_color__hover_enabled=&#8221;off&#8221; button_one_text_color__hover_enabled=&#8221;off&#8221; button_two_text_color__hover_enabled=&#8221;off&#8221; button_border_width__hover_enabled=&#8221;off&#8221; button_one_border_width__hover_enabled=&#8221;off&#8221; button_two_border_width__hover_enabled=&#8221;off&#8221; button_border_color__hover_enabled=&#8221;off&#8221; button_one_border_color__hover_enabled=&#8221;off&#8221; button_two_border_color__hover_enabled=&#8221;off&#8221; button_border_radius__hover_enabled=&#8221;off&#8221; button_one_border_radius__hover_enabled=&#8221;off&#8221; button_two_border_radius__hover_enabled=&#8221;off&#8221; button_letter_spacing__hover_enabled=&#8221;off&#8221; button_one_letter_spacing__hover_enabled=&#8221;off&#8221; button_two_letter_spacing__hover_enabled=&#8221;off&#8221; button_bg_color__hover_enabled=&#8221;off&#8221; button_one_bg_color__hover_enabled=&#8221;off&#8221; button_two_bg_color__hover_enabled=&#8221;off&#8221; theme_builder_area=&#8221;post_content&#8221;][\/et_pb_contact_field][et_pb_contact_field field_id=&#8221;T\u00e9l\u00e9phone&#8221; field_title=&#8221;T\u00e9l\u00e9phone&#8221; allowed_symbols=&#8221;numbers&#8221; _builder_version=&#8221;4.27.0&#8243; global_colors_info=&#8221;{}&#8221; button_text_size__hover_enabled=&#8221;off&#8221; button_one_text_size__hover_enabled=&#8221;off&#8221; button_two_text_size__hover_enabled=&#8221;off&#8221; button_text_color__hover_enabled=&#8221;off&#8221; button_one_text_color__hover_enabled=&#8221;off&#8221; button_two_text_color__hover_enabled=&#8221;off&#8221; button_border_width__hover_enabled=&#8221;off&#8221; button_one_border_width__hover_enabled=&#8221;off&#8221; button_two_border_width__hover_enabled=&#8221;off&#8221; button_border_color__hover_enabled=&#8221;off&#8221; button_one_border_color__hover_enabled=&#8221;off&#8221; button_two_border_color__hover_enabled=&#8221;off&#8221; button_border_radius__hover_enabled=&#8221;off&#8221; button_one_border_radius__hover_enabled=&#8221;off&#8221; button_two_border_radius__hover_enabled=&#8221;off&#8221; button_letter_spacing__hover_enabled=&#8221;off&#8221; button_one_letter_spacing__hover_enabled=&#8221;off&#8221; button_two_letter_spacing__hover_enabled=&#8221;off&#8221; button_bg_color__hover_enabled=&#8221;off&#8221; button_one_bg_color__hover_enabled=&#8221;off&#8221; button_two_bg_color__hover_enabled=&#8221;off&#8221; theme_builder_area=&#8221;post_content&#8221;][\/et_pb_contact_field][et_pb_contact_field field_id=&#8221;adresse_postal&#8221; field_title=&#8221;Adresse postal&#8221; _builder_version=&#8221;4.27.0&#8243; global_colors_info=&#8221;{}&#8221; button_text_size__hover_enabled=&#8221;off&#8221; button_one_text_size__hover_enabled=&#8221;off&#8221; button_two_text_size__hover_enabled=&#8221;off&#8221; button_text_color__hover_enabled=&#8221;off&#8221; button_one_text_color__hover_enabled=&#8221;off&#8221; button_two_text_color__hover_enabled=&#8221;off&#8221; button_border_width__hover_enabled=&#8221;off&#8221; button_one_border_width__hover_enabled=&#8221;off&#8221; button_two_border_width__hover_enabled=&#8221;off&#8221; button_border_color__hover_enabled=&#8221;off&#8221; button_one_border_color__hover_enabled=&#8221;off&#8221; button_two_border_color__hover_enabled=&#8221;off&#8221; button_border_radius__hover_enabled=&#8221;off&#8221; button_one_border_radius__hover_enabled=&#8221;off&#8221; button_two_border_radius__hover_enabled=&#8221;off&#8221; button_letter_spacing__hover_enabled=&#8221;off&#8221; button_one_letter_spacing__hover_enabled=&#8221;off&#8221; button_two_letter_spacing__hover_enabled=&#8221;off&#8221; button_bg_color__hover_enabled=&#8221;off&#8221; button_one_bg_color__hover_enabled=&#8221;off&#8221; button_two_bg_color__hover_enabled=&#8221;off&#8221; theme_builder_area=&#8221;post_content&#8221;][\/et_pb_contact_field][et_pb_contact_field field_id=&#8221;Message&#8221; field_title=&#8221;Message&#8221; field_type=&#8221;text&#8221; fullwidth_field=&#8221;on&#8221; _builder_version=&#8221;4.16&#8243; global_colors_info=&#8221;{}&#8221; button_text_size__hover_enabled=&#8221;off&#8221; button_one_text_size__hover_enabled=&#8221;off&#8221; button_two_text_size__hover_enabled=&#8221;off&#8221; button_text_color__hover_enabled=&#8221;off&#8221; button_one_text_color__hover_enabled=&#8221;off&#8221; button_two_text_color__hover_enabled=&#8221;off&#8221; button_border_width__hover_enabled=&#8221;off&#8221; button_one_border_width__hover_enabled=&#8221;off&#8221; button_two_border_width__hover_enabled=&#8221;off&#8221; button_border_color__hover_enabled=&#8221;off&#8221; button_one_border_color__hover_enabled=&#8221;off&#8221; button_two_border_color__hover_enabled=&#8221;off&#8221; button_border_radius__hover_enabled=&#8221;off&#8221; button_one_border_radius__hover_enabled=&#8221;off&#8221; button_two_border_radius__hover_enabled=&#8221;off&#8221; button_letter_spacing__hover_enabled=&#8221;off&#8221; button_one_letter_spacing__hover_enabled=&#8221;off&#8221; button_two_letter_spacing__hover_enabled=&#8221;off&#8221; button_bg_color__hover_enabled=&#8221;off&#8221; button_one_bg_color__hover_enabled=&#8221;off&#8221; button_two_bg_color__hover_enabled=&#8221;off&#8221; theme_builder_area=&#8221;post_content&#8221;][\/et_pb_contact_field][\/et_pb_contact_form][\/et_pb_column][\/et_pb_row][\/et_pb_section]\n","protected":false},"excerpt":{"rendered":"<p>Decoration vitrineD\u00e9coration vitrine Puget-Sur-Argens Une d\u00e9coration de vitrine bien visible joue un r\u00f4le d\u00e9terminant dans l\u2019attraction des clients et la valorisation d\u2019une boutique ou d\u2019un commerce. Plus qu\u2019une simple pr\u00e9sentation de produits, la vitrine est un outil de communication qui attire l\u2019attention, v\u00e9hicule l\u2019identit\u00e9 de la marque et influence la d\u00e9cision d\u2019achat. Voici pourquoi une [&hellip;]<\/p>\n","protected":false},"author":1,"featured_media":0,"parent":0,"menu_order":0,"comment_status":"closed","ping_status":"closed","template":"","meta":{"_et_pb_use_builder":"on","_et_pb_old_content":"<!-- wp:divi\/placeholder \/-->","_et_gb_content_width":"","footnotes":""},"class_list":["post-60","page","type-page","status-publish","hentry"],"yoast_head":"<!-- This site is optimized with the Yoast SEO plugin v24.4 - https:\/\/yoast.com\/wordpress\/plugins\/seo\/ -->\n<title>D\u00e9coration Vitrine Puget-sur-Argens Vitrophanie<\/title>\n<meta name=\"description\" content=\"D\u00e9coration Vitrine Puget-sur-Argens Vitrophanie adh\u00e9sif publicitaire Fr\u00e9jus, habillage vitrine de boutique sur Puget-Sur-Argens\" \/>\n<meta name=\"robots\" content=\"index, follow, max-snippet:-1, max-image-preview:large, max-video-preview:-1\" \/>\n<link rel=\"canonical\" href=\"https:\/\/enseigne-signaletique-frejus.fr\/?page_id=60\" \/>\n<meta property=\"og:locale\" content=\"en_US\" \/>\n<meta property=\"og:type\" content=\"article\" \/>\n<meta property=\"og:title\" content=\"D\u00e9coration Vitrine Puget-sur-Argens Vitrophanie\" \/>\n<meta property=\"og:description\" content=\"D\u00e9coration Vitrine Puget-sur-Argens Vitrophanie adh\u00e9sif publicitaire Fr\u00e9jus, habillage vitrine de boutique sur Puget-Sur-Argens\" \/>\n<meta property=\"og:url\" content=\"https:\/\/enseigne-signaletique-frejus.fr\/?page_id=60\" \/>\n<meta property=\"og:site_name\" content=\"Enseigne signal\u00e9tique Fr\u00e9jus\" \/>\n<meta property=\"article:modified_time\" content=\"2024-09-28T20:35:45+00:00\" \/>\n<meta name=\"twitter:card\" content=\"summary_large_image\" \/>\n<meta name=\"twitter:label1\" content=\"Est. reading time\" \/>\n\t<meta name=\"twitter:data1\" content=\"3 minutes\" \/>\n<script type=\"application\/ld+json\" class=\"yoast-schema-graph\">{\"@context\":\"https:\/\/schema.org\",\"@graph\":[{\"@type\":\"WebPage\",\"@id\":\"https:\/\/enseigne-signaletique-frejus.fr\/?page_id=60\",\"url\":\"https:\/\/enseigne-signaletique-frejus.fr\/?page_id=60\",\"name\":\"D\u00e9coration Vitrine Puget-sur-Argens Vitrophanie\",\"isPartOf\":{\"@id\":\"https:\/\/enseigne-signaletique-frejus.fr\/#website\"},\"datePublished\":\"2024-08-31T14:39:06+00:00\",\"dateModified\":\"2024-09-28T20:35:45+00:00\",\"description\":\"D\u00e9coration Vitrine Puget-sur-Argens Vitrophanie adh\u00e9sif publicitaire Fr\u00e9jus, habillage vitrine de boutique sur Puget-Sur-Argens\",\"breadcrumb\":{\"@id\":\"https:\/\/enseigne-signaletique-frejus.fr\/?page_id=60#breadcrumb\"},\"inLanguage\":\"en-US\",\"potentialAction\":[{\"@type\":\"ReadAction\",\"target\":[\"https:\/\/enseigne-signaletique-frejus.fr\/?page_id=60\"]}]},{\"@type\":\"BreadcrumbList\",\"@id\":\"https:\/\/enseigne-signaletique-frejus.fr\/?page_id=60#breadcrumb\",\"itemListElement\":[{\"@type\":\"ListItem\",\"position\":1,\"name\":\"Accueil\",\"item\":\"https:\/\/enseigne-signaletique-frejus.fr\/\"},{\"@type\":\"ListItem\",\"position\":2,\"name\":\"D\u00e9coration Vitrine\"}]},{\"@type\":\"WebSite\",\"@id\":\"https:\/\/enseigne-signaletique-frejus.fr\/#website\",\"url\":\"https:\/\/enseigne-signaletique-frejus.fr\/\",\"name\":\"Enseigne signal\u00e9tique Fr\u00e9jus\",\"description\":\"Enseigne signal\u00e9tique Fr\u00e9jus\",\"potentialAction\":[{\"@type\":\"SearchAction\",\"target\":{\"@type\":\"EntryPoint\",\"urlTemplate\":\"https:\/\/enseigne-signaletique-frejus.fr\/?s={search_term_string}\"},\"query-input\":{\"@type\":\"PropertyValueSpecification\",\"valueRequired\":true,\"valueName\":\"search_term_string\"}}],\"inLanguage\":\"en-US\"}]}<\/script>\n<!-- \/ Yoast SEO plugin. -->","yoast_head_json":{"title":"D\u00e9coration Vitrine Puget-sur-Argens Vitrophanie","description":"D\u00e9coration Vitrine Puget-sur-Argens Vitrophanie adh\u00e9sif publicitaire Fr\u00e9jus, habillage vitrine de boutique sur Puget-Sur-Argens","robots":{"index":"index","follow":"follow","max-snippet":"max-snippet:-1","max-image-preview":"max-image-preview:large","max-video-preview":"max-video-preview:-1"},"canonical":"https:\/\/enseigne-signaletique-frejus.fr\/?page_id=60","og_locale":"en_US","og_type":"article","og_title":"D\u00e9coration Vitrine Puget-sur-Argens Vitrophanie","og_description":"D\u00e9coration Vitrine Puget-sur-Argens Vitrophanie adh\u00e9sif publicitaire Fr\u00e9jus, habillage vitrine de boutique sur Puget-Sur-Argens","og_url":"https:\/\/enseigne-signaletique-frejus.fr\/?page_id=60","og_site_name":"Enseigne signal\u00e9tique Fr\u00e9jus","article_modified_time":"2024-09-28T20:35:45+00:00","twitter_card":"summary_large_image","twitter_misc":{"Est. reading time":"3 minutes"},"schema":{"@context":"https:\/\/schema.org","@graph":[{"@type":"WebPage","@id":"https:\/\/enseigne-signaletique-frejus.fr\/?page_id=60","url":"https:\/\/enseigne-signaletique-frejus.fr\/?page_id=60","name":"D\u00e9coration Vitrine Puget-sur-Argens Vitrophanie","isPartOf":{"@id":"https:\/\/enseigne-signaletique-frejus.fr\/#website"},"datePublished":"2024-08-31T14:39:06+00:00","dateModified":"2024-09-28T20:35:45+00:00","description":"D\u00e9coration Vitrine Puget-sur-Argens Vitrophanie adh\u00e9sif publicitaire Fr\u00e9jus, habillage vitrine de boutique sur Puget-Sur-Argens","breadcrumb":{"@id":"https:\/\/enseigne-signaletique-frejus.fr\/?page_id=60#breadcrumb"},"inLanguage":"en-US","potentialAction":[{"@type":"ReadAction","target":["https:\/\/enseigne-signaletique-frejus.fr\/?page_id=60"]}]},{"@type":"BreadcrumbList","@id":"https:\/\/enseigne-signaletique-frejus.fr\/?page_id=60#breadcrumb","itemListElement":[{"@type":"ListItem","position":1,"name":"Accueil","item":"https:\/\/enseigne-signaletique-frejus.fr\/"},{"@type":"ListItem","position":2,"name":"D\u00e9coration Vitrine"}]},{"@type":"WebSite","@id":"https:\/\/enseigne-signaletique-frejus.fr\/#website","url":"https:\/\/enseigne-signaletique-frejus.fr\/","name":"Enseigne signal\u00e9tique Fr\u00e9jus","description":"Enseigne signal\u00e9tique Fr\u00e9jus","potentialAction":[{"@type":"SearchAction","target":{"@type":"EntryPoint","urlTemplate":"https:\/\/enseigne-signaletique-frejus.fr\/?s={search_term_string}"},"query-input":{"@type":"PropertyValueSpecification","valueRequired":true,"valueName":"search_term_string"}}],"inLanguage":"en-US"}]}},"_links":{"self":[{"href":"https:\/\/enseigne-signaletique-frejus.fr\/index.php?rest_route=\/wp\/v2\/pages\/60","targetHints":{"allow":["GET"]}}],"collection":[{"href":"https:\/\/enseigne-signaletique-frejus.fr\/index.php?rest_route=\/wp\/v2\/pages"}],"about":[{"href":"https:\/\/enseigne-signaletique-frejus.fr\/index.php?rest_route=\/wp\/v2\/types\/page"}],"author":[{"embeddable":true,"href":"https:\/\/enseigne-signaletique-frejus.fr\/index.php?rest_route=\/wp\/v2\/users\/1"}],"replies":[{"embeddable":true,"href":"https:\/\/enseigne-signaletique-frejus.fr\/index.php?rest_route=%2Fwp%2Fv2%2Fcomments&post=60"}],"version-history":[{"count":4,"href":"https:\/\/enseigne-signaletique-frejus.fr\/index.php?rest_route=\/wp\/v2\/pages\/60\/revisions"}],"predecessor-version":[{"id":108,"href":"https:\/\/enseigne-signaletique-frejus.fr\/index.php?rest_route=\/wp\/v2\/pages\/60\/revisions\/108"}],"wp:attachment":[{"href":"https:\/\/enseigne-signaletique-frejus.fr\/index.php?rest_route=%2Fwp%2Fv2%2Fmedia&parent=60"}],"curies":[{"name":"wp","href":"https:\/\/api.w.org\/{rel}","templated":true}]}}